
In base 8, what is 5 + -21350?
-21343
In base 2, what is -10100 - -101?
-1111
In base 2, what is 0 + -101101?
-101101
In base 5, what is 43 + -1422?
-1324
In base 11, what is 9 - 156?
-148
In base 8, what is 1 + -2721?
-2720
In base 3, what is -1010 + 0?
-1010
In base 2, what is 11 - -10001001000?
10001001011
In base 14, what is -246 + -4b?
-293
In base 9, what is -12 + -16?
-28
In base 8, what is 56 - -30?
106
In base 8, what is 2 - 1036?
-1034
In base 12, what is 1 - 103?
-102
In base 12, what is 3 + 101?
104
In base 9, what is -42 + -57?
-110
In base 16, what is 28 - 3?
25
In base 4, what is -20222 + 31?
-20131
In base 9, what is -1568 + -1?
-1570
In base 13, what is -3 + 14?
11
In base 8, what is 6 - -536?
544
In base 15, what is 16 - -b?
22
In base 10, what is -505 - -2?
-503
In base 8, what is 4 - -321?
325
In base 9, what is 83 - -61?
154
In base 5, what is 331 - -12?
343
In base 14, what is 163d - -1?
1640
In base 16, what is f - -6?
15
In base 10, what is -4 + 109?
105
In base 7, what is 6 - -10133?
10142
In base 9, what is 2 - -142?
144
In base 16, what is 276 - -4?
27a
In base 5, what is -10 + 101?
41
In base 4, what is -10320 + -1012?
-11332
In base 9, what is 7 - 15?
-7
In base 10, what is 4 - 486?
-482
In base 11, what is -8 - 13?
-20
In base 5, what is 212213 - 1?
212212
In base 7, what is -105 - 1?
-106
In base 4, what is 300 + 11?
311
In base 11, what is 2 + 271a?
2721
In base 8, what is -310 - -2?
-306
In base 14, what is -3 + -1350?
-1353
In base 9, what is -4781 + 4?
-4776
In base 15, what is 8b + 106?
192
In base 3, what is -202 - 21?
-1000
In base 10, what is 4 - 15?
-11
In base 14, what is 1482 - 5?
147b
In base 10, what is 950 - -4?
954
In base 7, what is 12125 + -4?
12121
In base 14, what is -1d5 + 4?
-1d1
In base 14, what is 23 - -485?
4a8
In base 16, what is -2 - 40?
-42
In base 11, what is -4 - 13?
-17
In base 7, what is -2162 - 6?
-2201
In base 8, what is -356 + -3?
-361
In base 7, what is -136 - -5?
-131
In base 9, what is 1878 - 2?
1876
In base 3, what is -122 + 2?
-120
In base 11, what is 7837 + 5?
7841
In base 12, what is 11 + -3?
a
In base 2, what is 10001010001 - 11?
10001001110
In base 4, what is 111 + -222?
-111
In base 3, what is -111122010 + 2?
-111122001
In base 3, what is -222 - -10?
-212
In base 4, what is 1 + 22?
23
In base 2, what is -100 + 100010101?
100010001
In base 3, what is 10 + -112?
-102
In base 4, what is 32 + 1300?
1332
In base 8, what is 67 - 245?
-156
In base 3, what is -12 - 10112?
-10201
In base 2, what is 10111 + -100000?
-1001
In base 10, what is 1 - -5?
6
In base 15, what is -2 - -36?
34
In base 4, what is 3 + -1211?
-1202
In base 16, what is -76 + -5?
-7b
In base 3, what is 12001210 + 0?
12001210
In base 15, what is a4 - -81?
135
In base 15, what is 473 - -3?
476
In base 8, what is -4163 + 1?
-4162
In base 7, what is -3662 - 2?
-3664
In base 4, what is -11223 - -2?
-11221
In base 5, what is 221 + 4?
230
In base 9, what is 0 + -740?
-740
In base 9, what is 325 + 4?
330
In base 11, what is -4 + -366?
-36a
In base 16, what is 3 + -20?
-1d
In base 4, what is 101132 + 3?
101201
In base 10, what is -40 - 65?
-105
In base 16, what is -2 + -812?
-814
In base 5, what is 140 + 3221?
3411
In base 2, what is -1101 + -1101?
-11010
In base 2, what is 101 + 1000000?
1000101
In base 12, what is -66 - -a1?
37
In base 7, what is -160 - 30?
-220
In base 2, what is -1011100 - -10?
-1011010
In base 4, what is -20012 - -1?
-20011
In base 8, what is 647 - 2?
645
In base 7, what is -2 - 10421?
-10423
In base 5, what is 2034 + 4?
2043
In base 11, what is 6 + 4?
a
In base 2, what is -111 - -1100010101?
1100001110
In base 4, what is 3202 - -113?
3321
In base 4, what is -103 - 11113?
-11222
In base 3, what is -12 - -211?
122
In base 16, what is 11d + 7?
124
In base 2, what is 1000101 + -1011?
111010
In base 6, what is -151142 - -2?
-151140
In base 15, what is d - 5b?
-4d
In base 6, what is -2110 + 14?
-2052
In base 7, what is -4 + 63?
56
In base 6, what is -204 - -132?
-32
In base 10, what is 16 - 2?
14
In base 7, what is 333 - -3?
336
In base 9, what is 5 - 4?
1
In base 2, what is 0 + 111010?
111010
In base 11, what is -4 + -1a78?
-1a81
In base 13, what is 358 + -4?
354
In base 11, what is -109 - 2?
-110
In base 4, what is 110 + -1031?
-321
In base 10, what is -9 + 12?
3
In base 9, what is -11580 + 2?
-11577
In base 7, what is -35 - -10?
-25
In base 10, what is -5 + -40?
-45
In base 3, what is -2020111 + 12?
-2020022
In base 2, what is -10011011 - -10?
-10011001
In base 4, what is 12 - 30230?
-30212
In base 12, what is 187 + -12?
175
In base 14, what is -48 + 0?
-48
In base 15, what is -34 + -11?
-45
In base 4, what is -23 + 3232?
3203
In base 3, what is 1022000002 - 11?
1021222221
In base 2, what is -1010 + -10000?
-11010
In base 14, what is -12c8 + -5?
-12cd
In base 16, what is 57 - -20?
77
In base 7, what is -123 + -31?
-154
In base 6, what is 120 - -225?
345
In base 16, what is 1f - 15e?
-13f
In base 4, what is -210130 - -10?
-210120
In base 3, what is 10 + 1111?
1121
In base 12, what is 19 + 73?
90
In base 9, what is -2882 - -5?
-2876
In base 3, what is -110 - 2?
-112
In base 5, what is 33140 - -14?
33204
In base 11, what is 20 - 1a0?
-180
In base 14, what is 42 + 11?
53
In base 15, what is 41 + 4?
45
In base 3, what is 11201 + 0?
11201
In base 13, what is -c8 + 5?
-c3
In base 6, what is 2 + -20?
-14
In base 10, what is 2 + 4?
6
In base 15, what is b1 - -3?
b4
In base 3, what is 11021 - -1121?
12212
In base 6, what is 0 - 24101?
-24101
In base 13, what is 2 + 49?
4b
In base 10, what is 4 - 4755?
-4751
In base 11, what is -4 - -1286?
1282
In base 3, what is 202 + 120?
1022
In base 13, what is -2 + -14c?
-151
In base 9, what is 0 - 680?
-680
In base 9, what is 0 - -1615?
1615
In base 6, what is -1 + -13454?
-13455
In base 13, what is -2 + a86?
a84
In base 13, what is 20 - -6?
26
In base 11, what is 1 + -22?
-21
In base 14, what is 8a + b?
97
In base 4, what is 22302 - -11?
22313
In base 2, what is 1 + 1010?
1011
In base 11, what is 14 - -68?
81
In base 8, what is 420 + -4?
414
In base 15, what is -9 + -a?
-14
In base 2, what is -1 - -1111100010?
1111100001
In base 10, what is -42 - 234?
-276
In base 16, what is -1 + 50?
4f
In base 10, what is 7924 - 2?
7922
In base 5, what is -4030 - -3?
-4022
In base 5, what is 11 + -32?
-21
In base 5, what is 3 + 3314?
3322
In base 8, what is -536 + 1?
-535
In base 3, what is 22 - -2121?
2220
In base 12, what is 1 - 241?
-240
In base 13, what is 3 + -9?
-6
In base 12, what is -1 - 20?
-21
In base 13, what is -6aa + -2?
-6ac
In base 4, what is -2130 + 11?
-2113
In base 8, what is -5743 - 0?
-5743
In base 11, what is -4 + 59?
55
In base 5, what is -2 + -14134?
-14141
In base 6, what is 11 - 212?
-201
In base 11, what is -5 + 5a?
55
In base 14, what is 29 + -98?
-6d
In base 9, what is 2 - 21?
-18
In base 14, what is -10 + -31?
-41
In base 12, what is -1a + 9?
-11
In base 8, what is -11 + -30?
-41
In base 2, what is 100 + -11100110010?
-11100101110
In base 5, what is -10 + 3?
-2
In base 12, what is -4a31 - -5?
-4a28
In base 4, what is -11 - 2133?
-2210
In base 11, what is -13 + 2?
-11
In base 7, what is -100 + 0?
-100
In base 11, what is -7 + 182?
176
In base 8, what is 0 + -166?
-166
In base 2, what is 1001000000111101 + 0?
1001000000111101
In base 2, what is 1100101110000 + -10?
1100101101110
In base 5, what is -3 - 1113?
-1121
In base 8, what is -10765 - 4?
-10771
In base 16, what is 22d - -3?
230
In base 14, what is -53 - 34?
-87
In base 2, what is -111101011 + -1010?
-111110101
In base 13, what is 3 - 819?
-816
In base 7, what is -4 + 21?
14
In base 4, what is 1 + -20?
-13
In base 16, what is -5 - 59?
-5e
In base 7, what is 13 + -30?
-14
In base 9, what is -4 - -743?
738
In base 16, what is 3 - -1177?
117a
In base 10, what is 0 + -741?
-741
In base 16, what is -136 - -3?
-133
In base 14, what is 1 - -d?
10
In base 5, what is -2 - 113?
-120
In base 11, what is 2a1 + 3?
2a4
In base 16, what is -c - 1a?
-26
In base 13, what is 1 + 52?
53
In base 8, what is -20 - 160?
-200
In base 4, what is 312310 - 1?
312303
In base 12, what is -1 + -308?
-309
In base 2, what is -11001101110101 - 100?
-11001101111001
In base 5, what is -3112 + -10?
-3122
In base 6, what is -14250 + 